hat is the hundreds digit of 4081?
0
What is the tens digit of 15678?
7
What is the units digit of 15606?
6
What is the hundred thousands digit of 118762?
1
What is the thousands digit of 1299?
1
What is the units digit of 2921?
1
What is the units digit of 4133?
3
What is the thousands digit of 1659?
1
What is the hundreds digit of 225?
2
What is the units digit of 1228?
8
What is the units digit of 94270?
0
What is the units digit of 94?
4
What is the units digit of 667?
7
What is the hundreds digit of 68550?
5
What is the thousands digit of 7567?
7
What is the hundreds digit of 8796?
7
What is the hundreds digit of 841?
8
What is the hundreds digit of 787?
7
What is the hundreds digit of 4457?
4
What is the ten thousands digit of 23269?
2
What is the hundreds digit of 1962?
9
What is the thousands digit of 2100?
2
What is the hundreds digit of 30836?
8
What is the units digit of 129184?
4
What is the ten thousands digit of 77251?
7
What is the ten thousands digit of 39806?
3
What is the hundreds digit of 1670?
6
What is the thousands digit of 11903?
1
What is the thousands digit of 117027?
7
What is the tens digit of 4218?
1
What is the thousands digit of 45553?
5
What is the tens digit of 11326?
2
What is the ten thousands digit of 91781?
9
What is the thousands digit of 65309?
5
What is the tens digit of 34393?
9
What is the thousands digit of 51810?
1
What is the ten thousands digit of 35324?
3
What is the hundreds digit of 17815?
8
What is the tens digit of 12123?
2
What is the units digit of 2016?
6
What is the tens digit of 2683?
8
What is the units digit of 713?
3
What is the hundreds digit of 1898?
8
What is the hundreds digit of 27609?
6
What is the tens digit of 3095?
9
What is the thousands digit of 64950?
4
What is the thousands digit of 5355?
5
What is the ten thousands digit of 36485?
3
What is the units digit of 858?
8
What is the tens digit of 37578?
7
What is the tens digit of 82834?
3
What is the tens digit of 616?
1
What is the units digit of 1146?
6
What is the tens digit of 1031?
3
What is the thousands digit of 2312?
2
What is the tens digit of 36?
3
What is the tens digit of 2176?
7
What is the thousands digit of 7762?
7
What is the thousands digit of 1232?
1
What is the units digit of 1315?
5
What is the tens digit of 82?
8
What is the thousands digit of 7398?
7
What is the hundreds digit of 2410?
4
What is the units digit of 83?
3
What is the hundreds digit of 1376?
3
What is the hundreds digit of 5168?
1
What is the units digit of 952?
2
What is the tens digit of 1332?
3
What is the tens digit of 4451?
5
What is the hundreds digit of 78986?
9
What is the ten thousands digit of 45115?
4
What is the thousands digit of 5502?
5
What is the units digit of 7477?
7
What is the tens digit of 5304?
0
What is the units digit of 12143?
3
What is the units digit of 6629?
9
What is the ten thousands digit of 24590?
2
What is the thousands digit of 3374?
3
What is the hundreds digit of 27314?
3
What is the tens digit of 3459?
5
What is the thousands digit of 33090?
3
What is the units digit of 411?
1
What is the ten thousands digit of 28953?
2
What is the tens digit of 46?
4
What is the thousands digit of 104981?
4
What is the thousands digit of 1284?
1
What is the thousands digit of 5849?
5
What is the tens digit of 732?
3
What is the units digit of 10683?
3
What is the ten thousands digit of 37781?
3
What is the tens digit of 1517?
1
What is the hundreds digit of 3878?
8
What is the thousands digit of 42542?
2
What is the hundreds digit of 9447?
4
What is the thousands digit of 76321?
6
What is the thousands digit of 3205?
3
What is the ten thousands digit of 15685?
1
What is the hundreds digit of 12152?
1
What is the thousands digit of 152264?
2
What is the hundreds digit of 607?
6
What is the thousands digit of 128619?
8
What is the ten thousands digit of 19187?
1
What is the thousands digit of 3977?
3
What is the hundreds digit of 2261?
2
What is the tens digit of 717?
1
What is the hundreds digit of 9880?
8
What is the units digit of 7537?
7
What is the thousands digit of 6002?
6
What is the units digit of 107?
7
What is the hundreds digit of 1337?
3
What is the units digit of 119324?
4
What is the tens digit of 2459?
5
What is the tens digit of 33730?
3
What is the hundreds digit of 6371?
3
What is the units digit of 1899?
9
What is the hundreds digit of 3362?
3
What is the units digit of 109712?
2
What is the units digit of 15388?
8
What is the units digit of 8089?
9
What is the thousands digit of 5349?
5
What is the tens digit of 9990?
9
What is the tens digit of 3004?
0
What is the hundreds digit of 85769?
7
What is the units digit of 5130?
0
What is the tens digit of 434?
3
What is the units digit of 774?
4
What is the hundreds digit of 71232?
2
What is the ten thousands digit of 48822?
4
What is the thousands digit of 33367?
3
What is the hundreds digit of 97661?
6
What is the tens digit of 307?
0
What is the units digit of 1623?
3
What is the thousands digit of 5347?
5
What is the ten thousands digit of 146878?
4
What is the tens digit of 42064?
6
What is the units digit of 7632?
2
What is the hundreds digit of 81417?
4
What is the tens digit of 81580?
8
What is the tens digit of 15464?
6
What is the tens digit of 57691?
9
What is the hundreds digit of 834?
8
What is the hundreds digit of 72697?
6
What is the thousands digit of 55884?
5
What is the ten thousands digit of 25614?
2
What is the units digit of 1050?
0
What is the thousands digit of 22117?
2
What is the units digit of 29497?
7
What is the hundreds digit of 1023?
0
What is the units digit of 43869?
9
What is the units digit of 22533?
3
What is the hundreds digit of 63467?
4
What is the thousands digit of 28174?
8
What is the hundreds digit of 9463?
4
What is the tens digit of 485?
8
What is the units digit of 5987?
7
What is the thousands digit of 22267?
2
What is the tens digit of 27002?
0
What is the thousands digit of 5932?
5
What is the thousands digit of 5779?
5
What is the tens digit of 53?
5
What is the hundred thousands digit of 141670?
1
What is the tens digit of 919?
1
What is the thousands digit of 2500?
2
What is the tens digit of 93862?
6
What is the hundred thousands digit of 123023?
1
What is the units digit of 1979?
9
What is the hundreds digit of 100660?
6
What is the tens digit of 27286?
8
What is the units digit of 14023?
3
What is the ten thousands digit of 18207?
1
What is the thousands digit of 2279?
2
What is the thousands digit of 11538?
1
What is the ten thousands digit of 35712?
3
What is the tens digit of 5091?
9
What is the units digit of 762?
2
What is the thousands digit of 2802?
2
What is the thousands digit of 11009?
1
What is the tens digit of 91844?
4
What is the hundreds digit of 5963?
9
What is the units digit of 283?
3
What is the thousands digit of 26705?
6
What is the units digit of 4584?
4
What is the hundred thousands digit of 114705?
1
What is the thousands digit of 1351?
1
What is the hundreds digit of 22855?
8
What is the hundreds digit of 905?
9
What is the units digit of 152?
2
What is the hundreds digit of 176?
1
What is the units digit of 905?
5
What is the tens digit of 87?
8
What is the hundreds digit of 296?
2
What is the thousands digit of 23053?
3
What is the units digit of 2694?
4
What is the hundreds digit of 25834?
8
What is the units digit of 7258?
8
What is the units digit of 838?
8
What is the tens digit of 3888?
8
What is the units digit of 746?
6
What is the units digit of 30819?
9
What is the ten thousands digit of 42296?
4
What is the hundreds digit of 24339?
3
What is the units digit of 356?
6
What is the units digit of 11028?
8
What is the tens digit of 11391?
9
What is the hundreds digit of 1580?
5
What is the tens digit of 489?
8
What is the hundreds digit of 21539?
5
What is the tens digit of 5397?
9
What is the thousands digit of 2921?
2
What is the hundreds digit of 5367?
3
What is the hundreds digit of 24092?
0
What is the hundreds digit of 8188?
1
What is the thousands digit of 186636?
6
What is the units digit of 53379?
9
What is the units digit of 1682?
2
What is the units digit of 22024?
4
What is the thousands digit of 5362?
5
What is the tens digit of 1670?
7
What is the uni